 prime factors of 11021103?
3, 103, 1321
List the prime factors of 2204273014.
2, 1102136507
List the prime factors of 635636327.
83, 7658269
List the prime factors of 1566554022.
2, 3, 11, 1163, 6803
What are the prime factors of 904281736?
2, 139, 813203
List the prime factors of 77581844.
2, 29, 263, 2543
What are the prime factors of 3344972150?
2, 5, 13, 43, 119677
What are the prime factors of 7408280167?
89, 131, 635413
What are the prime factors of 1469687628?
2, 3, 122473969
What are the prime factors of 2195968859?
7, 1051, 42641
What are the prime factors of 73213979?
73213979
List the prime factors of 2722957743.
3, 11, 73, 211, 487
List the prime factors of 129557141.
7, 1123, 16481
What are the prime factors of 130893717?
3, 19, 2296381
What are the prime factors of 59665893?
3, 7, 73, 38921
What are the prime factors of 39195695?
5, 7, 11, 101807
What are the prime factors of 27707958?
2, 3, 1539331
List the prime factors of 1633146214.
2, 7, 311, 375091
What are the prime factors of 1386214729?
167, 8300687
What are the prime factors of 866327722?
2, 13, 163, 367, 557
List the prime factors of 93347502.
2, 3, 15557917
List the prime factors of 589318532.
2, 11, 17, 223, 3533
List the prime factors of 147069270.
2, 3, 5, 31, 5857
What are the prime factors of 4910277641?
1153, 4258697
What are the prime factors of 671054141?
17, 19, 23, 59, 1531
List the prime factors of 666157297.
13, 97, 653, 809
List the prime factors of 453375939.
3, 53, 2851421
What are the prime factors of 45484401?
3, 17, 891851
What are the prime factors of 324878042?
2, 67, 379, 6397
What are the prime factors of 1722919120?
2, 5, 13, 877, 1889
What are the prime factors of 74393039?
7, 10627577
What are the prime factors of 537918309?
3, 1789, 33409
What are the prime factors of 6446393014?
2, 61, 52839287
What are the prime factors of 29086522?
2, 1297, 11213
What are the prime factors of 302284079?
302284079
What are the prime factors of 1213617894?
2, 3, 19, 103, 103357
What are the prime factors of 1544991930?
2, 3, 5, 41, 293, 1429
What are the prime factors of 2690113229?
49417, 54437
List the prime factors of 974959089.
3, 13, 571, 43781
What are the prime factors of 619703426?
2, 309851713
List the prime factors of 3380587564.
2, 17, 23, 101, 21401
What are the prime factors of 576777751?
11, 17, 109, 28297
What are the prime factors of 1617362322?
2, 3, 269560387
What are the prime factors of 10998598?
2, 13, 29, 503
What are the prime factors of 4626314495?
5, 11, 1153, 72953
List the prime factors of 2461352576.
2, 19229317
What are the prime factors of 92488883?
73, 467, 2713
List the prime factors of 566308447.
19697, 28751
List the prime factors of 290814626.
2, 73, 1991881
List the prime factors of 29003236.
2, 41, 176849
List the prime factors of 77450666.
2, 107, 361919
What are the prime factors of 287339015?
5, 17, 3380459
List the prime factors of 12328701.
3, 7, 11, 19, 53
What are the prime factors of 3293080000?
2, 5, 7, 19, 619
List the prime factors of 24914602.
2, 12457301
What are the prime factors of 34889915?
5, 67, 104149
List the prime factors of 1620301630.
2, 5, 29, 1217, 4591
What are the prime factors of 317941435?
5, 7, 53, 101, 1697
List the prime factors of 42289079.
7, 19, 317963
List the prime factors of 58714045.
5, 13, 47, 19219
What are the prime factors of 213727425?
3, 5, 2849699
What are the prime factors of 1600865951?
41, 997, 39163
What are the prime factors of 109501172?
2, 11, 313, 7951
List the prime factors of 68368980.
2, 3, 5, 1139483
List the prime factors of 411333811.
7, 317, 185369
List the prime factors of 91495060.
2, 5, 4574753
What are the prime factors of 33144863?
23, 1441081
List the prime factors of 1725773434.
2, 7, 11, 523, 3061
List the prime factors of 967047574.
2, 483523787
List the prime factors of 79339545.
3, 5, 307, 5743
List the prime factors of 78796161.
3, 29, 301901
What are the prime factors of 4473035485?
5, 894607097
What are the prime factors of 38569212?
2, 3, 11, 97397
What are the prime factors of 96158134?
2, 48079067
List the prime factors of 408202546.
2, 397, 523, 983
What are the prime factors of 37922613?
3, 19, 53, 12553
What are the prime factors of 82400589?
3, 9155621
List the prime factors of 1857648162.
2, 3, 309608027
List the prime factors of 3881639095.
5, 293, 443, 5981
List the prime factors of 4396003776.
2, 3, 7631951
What are the prime factors of 216755621?
1367, 158563
List the prime factors of 123120874.
2, 19, 131, 24733
List the prime factors of 891167212.
2, 13, 149, 115019
List the prime factors of 349248304.
2, 101, 216119
What are the prime factors of 212887995?
3, 5, 3323, 4271
What are the prime factors of 162502562?
2, 283, 287107
List the prime factors of 518701143.
3, 172900381
What are the prime factors of 481956287?
31, 15546977
What are the prime factors of 267501845?
5, 13, 23, 178931
What are the prime factors of 113425378?
2, 11, 5155699
List the prime factors of 35922782.
2, 7, 37, 9907
What are the prime factors of 1531295393?
1531295393
List the prime factors of 176956724.
2, 7, 29, 383, 569
What are the prime factors of 427750954?
2, 1423, 150299
List the prime factors of 145620102.
2, 3, 43, 564419
What are the prime factors of 62005473?
3, 113, 20323
List the prime factors of 1024850044.
2, 19, 1439, 9371
List the prime factors of 155872106.
2, 13, 5995081
List the prime factors of 177194495.
5, 29, 42139
List the prime factors of 2270526837.
3, 53, 14280043
What are the prime factors of 622425987?
3, 59, 257, 4561
What are the prime factors of 1704944063?
59, 28897357
List the prime factors of 205267064.
2, 1499, 17117
List the prime factors of 245178727.
14173, 17299
What are the prime factors of 4012177523?
23, 127, 1373563
What are the prime factors of 130551194?
2, 17, 131, 29311
What are the prime factors of 2665393949?
13003, 204983
List the prime factors of 554682475.
5, 22187299
What are the prime factors of 636496627?
13, 48961279
List the prime factors of 1846128617.
17, 157, 691693
List the prime factors of 365897184.
2, 3, 67, 163, 349
What are the prime factors of 1554598725?
3, 5, 61, 373, 911
List the prime factors of 1385520853.
9203, 150551
List the prime factors of 90833396.
2, 22708349
What are the prime factors of 106415038?
2, 113, 470863
List the prime factors of 13741222.
2, 11, 624601
What are the prime factors of 2785776235?
5, 11, 71, 601, 1187
List the prime factors of 20593298.
2, 11, 443, 2113
What are the prime factors of 1357967918?
2, 3847, 176497
What are the prime factors of 28913474?
2, 2657, 5441
What are the prime factors of 407116044?
2, 3, 1256531
What are the prime factors of 1187302795?
5, 7, 97, 191, 1831
What are the prime factors of 101857812?
2, 3, 7, 17, 71329
What are the prime factors of 141329375?
5, 11, 61, 337
What are the prime factors of 3748316037?
3, 107, 3259, 3583
What are the prime factors of 199624333?
199624333
What are the prime factors of 60136256?
2, 29, 32401
List the prime factors of 54838534.
2, 27419267
What are the prime factors of 464619410?
2, 5, 46461941
List the prime factors of 567703186.
2, 31, 113, 81031
List the prime factors of 45005219.
7, 43, 149519
What are the prime factors of 11551916?
2, 2887979
What are the prime factors of 234459099?
3, 7, 149, 24977
What are the prime factors of 75449266?
2, 19, 41, 79, 613
What are the prime factors of 2320327057?
2320327057
List the prime factors of 36611033.
73, 241, 2081
List the prime factors of 38385965.
5, 23, 333791
List the prime factors of 144199664.
2, 7, 19, 67763
List the prime factors of 1864446480.
2, 3, 5, 13, 199193
What are the prime factors of 2682139538?
2, 13, 17, 6068189
What are the prime factors of 7528082?
2, 3764041
List the prime factors of 727173378.
2, 3, 47, 67, 12829
List the prime factors of 54736805.
5, 1733, 6317
What are the prime factors of 70832142?
2, 3, 3935119
What are the prime factors of 1531403684?
2, 233, 1643137
List the prime factors of 1471182835.
5, 71, 4144177
List the prime factors of 1905633237.
3, 23, 37, 746429
List the prime factors of 303449313.
3, 101149771
What are the prime factors of 955627510?
2, 5, 97, 181, 5443
What are the prime factors